{"id":74,"date":"2021-06-08T16:48:42","date_gmt":"2021-06-08T16:48:42","guid":{"rendered":"https:\/\/guasave.gob.mx\/implan\/?page_id=74"},"modified":"2025-02-19T20:31:34","modified_gmt":"2025-02-19T20:31:34","slug":"plan-parcial-de-desarrollo-urbano-al-margen-izquierdo-rio-sinaloa","status":"publish","type":"page","link":"https:\/\/guasave.gob.mx\/implan\/plan-parcial-de-desarrollo-urbano-al-margen-izquierdo-rio-sinaloa\/","title":{"rendered":"Plan parcial de Desarrollo Urbano al Margen Izquierdo R\u00edo Sinaloa"},"content":{"rendered":"<h1 class=\"page-title\">Plan parcial de Desarrollo Urbano al Margen Izquierdo R\u00edo Sinaloa<\/h1>\n<p>&nbsp;<\/p>\n<ul class=\"arrow dotted\">\n<li><a href=\"https:\/\/guasave.gob.mx\/implan\/wp-content\/files\/MENU\/Planes\/PlanParRioSin\/PLAN%20PARCIAL%20GUASAVE.pdf\">Plan Parcial Guasave<\/a><\/li>\n<li><a href=\"https:\/\/guasave.gob.mx\/implan\/wp-content\/files\/MENU\/Planes\/PlanParRioSin\/TABLA%20DE%20ZONIFICACION%20Y%20NORMAS%20DE%20ORDENACION.pdf\">Tabla de Zonificaci\u00f3n y Normas de Ordenaci\u00f3n<\/a><\/li>\n<li><a href=\"https:\/\/guasave.gob.mx\/implan\/wp-content\/files\/MENU\/Planes\/PlanParRioSin\/1-CARTOGRAFIA%20P.P.%20RIO%20SINALOA.pdf\">Cartograf\u00eda P. P. R\u00edo Sinaloa<\/a><\/li>\n<li><a href=\"https:\/\/guasave.gob.mx\/implan\/wp-content\/files\/MENU\/Planes\/PlanParRioSin\/A-1%20ACCIONES%20Y%20PROGRAMAS%20URBANOS.pdf\">Acciones y Programas Urbanos<\/a><\/li>\n<li><a href=\"https:\/\/guasave.gob.mx\/implan\/wp-content\/files\/MENU\/Planes\/PlanParRioSin\/D-1%20POLIGONO%20DE%20APLICACION.pdf\">Pol\u00edgono de Aplicaci\u00f3n<\/a><\/li>\n<li><a href=\"https:\/\/guasave.gob.mx\/implan\/wp-content\/files\/MENU\/Planes\/PlanParRioSin\/D-2%20Z.%20URB.ACTUAL%20Y%20ZONA%20DE%20ESTUDIO.pdf\">Zona de Urbanizaci\u00f3n Actual y Zona de Estudio<\/a><\/li>\n<li><a href=\"https:\/\/guasave.gob.mx\/implan\/wp-content\/files\/MENU\/Planes\/PlanParRioSin\/D-3%20ASPECTOS%20URBANOS.pdf\">Aspectos Urbanos<\/a><\/li>\n<li><a href=\"https:\/\/guasave.gob.mx\/implan\/wp-content\/files\/MENU\/Planes\/PlanParRioSin\/D-4%20ASPECTOS%20SOCIOECONOMICOS.pdf\">Aspectos Socio Econ\u00f3micos<\/a><\/li>\n<li><a href=\"https:\/\/guasave.gob.mx\/implan\/wp-content\/files\/MENU\/Planes\/PlanParRioSin\/D-5%20ASPECTOS%20AMBIENTALES.pdf\">Aspectos Ambientales<\/a><\/li>\n<li><a href=\"https:\/\/guasave.gob.mx\/implan\/wp-content\/files\/MENU\/Planes\/PlanParRioSin\/E-1%20ESTRATEGIA%20AMBIENTAL.pdf\">Estrategia Ambiental<\/a><\/li>\n<li><a href=\"https:\/\/guasave.gob.mx\/implan\/wp-content\/files\/MENU\/Planes\/PlanParRioSin\/E-2%20ESTRATEGIA%20URBANA.pdf\">Estrategia Urbana<\/a><\/li>\n<li><a href=\"https:\/\/guasave.gob.mx\/implan\/wp-content\/files\/MENU\/Planes\/PlanParRioSin\/E-3%20ESTRATEGIA%20VIAL%20Y%20DE%20TRANSPORTE.pdf\">Estrategia Vial y de Transporte<\/a><\/li>\n<li><a href=\"https:\/\/guasave.gob.mx\/implan\/wp-content\/files\/MENU\/Planes\/PlanParRioSin\/E-4%20ESTRATEGIA%20DE%20INFRAESTRUCTURA%20URBANA%20Y%20DE%20SERVICIO.pdf\">Estrategia de Infraestructura Urbana y de Servicio<\/a><\/li>\n<li><a href=\"https:\/\/guasave.gob.mx\/implan\/wp-content\/files\/MENU\/Planes\/PlanParRioSin\/E-5%20ETAPAS%20DE%20CRECIMIENTO.pdf\">Etapas de Crecimiento<\/a><\/li>\n<\/ul>\n","protected":false},"excerpt":{"rendered":"<p>Plan parcial de Desarrollo Urbano al Margen Izquierdo R\u00edo Sinaloa &nbsp; Plan Parcial Guasave Tabla de Zonificaci\u00f3n y Normas de Ordenaci\u00f3n Cartograf\u00eda P. P. R\u00edo Sinaloa Acciones y Programas Urbanos Pol\u00edgono de Aplicaci\u00f3n Zona de Urbanizaci\u00f3n Actual y Zona de Estudio Aspectos Urbanos Aspectos Socio Econ\u00f3micos Aspectos Ambientales Estrategia Ambiental Estrategia Urbana Estrategia Vial y &#8230; <a title=\"Plan parcial de Desarrollo Urbano al Margen Izquierdo R\u00edo Sinaloa\" class=\"read-more\" href=\"https:\/\/guasave.gob.mx\/implan\/plan-parcial-de-desarrollo-urbano-al-margen-izquierdo-rio-sinaloa\/\">Read more<\/a><\/p>\n","protected":false},"author":3,"featured_media":0,"parent":0,"menu_order":0,"comment_status":"closed","ping_status":"closed","template":"","meta":[],"_links":{"self":[{"href":"https:\/\/guasave.gob.mx\/implan\/wp-json\/wp\/v2\/pages\/74"}],"collection":[{"href":"https:\/\/guasave.gob.mx\/implan\/wp-json\/wp\/v2\/pages"}],"about":[{"href":"https:\/\/guasave.gob.mx\/implan\/wp-json\/wp\/v2\/types\/page"}],"author":[{"embeddable":true,"href":"https:\/\/guasave.gob.mx\/implan\/wp-json\/wp\/v2\/users\/3"}],"replies":[{"embeddable":true,"href":"https:\/\/guasave.gob.mx\/implan\/wp-json\/wp\/v2\/comments?post=74"}],"version-history":[{"count":5,"href":"https:\/\/guasave.gob.mx\/implan\/wp-json\/wp\/v2\/pages\/74\/revisions"}],"predecessor-version":[{"id":696,"href":"https:\/\/guasave.gob.mx\/implan\/wp-json\/wp\/v2\/pages\/74\/revisions\/696"}],"wp:attachment":[{"href":"https:\/\/guasave.gob.mx\/implan\/wp-json\/wp\/v2\/media?parent=74"}],"curies":[{"name":"wp","href":"https:\/\/api.w.org\/{rel}","templated":true}]}}