{"id":49,"date":"2021-06-08T15:31:28","date_gmt":"2021-06-08T15:31:28","guid":{"rendered":"https:\/\/guasave.gob.mx\/implan\/?page_id=49"},"modified":"2025-02-07T19:30:16","modified_gmt":"2025-02-07T19:30:16","slug":"antecedentes","status":"publish","type":"page","link":"https:\/\/guasave.gob.mx\/implan\/antecedentes\/","title":{"rendered":"Antecedentes"},"content":{"rendered":"<header>\n<h1 style=\"text-align: center;\">ANTECEDENTES HIST\u00d3RICOS<\/h1>\n<hr \/>\n<\/header>\n<h2 style=\"text-align: justify;\">INSTITUTO MUNICIPAL DE PLANEACI\u00d3N DE GUASAVE, SINALOA.<\/h2>\n<p style=\"text-align: justify;\">A RA\u00cdZ DEL CRECIMIENTO DE NUESTRO MUNICIPIO EN EL A\u00d1O 2004 Y POR MANDATO LEGAL, SE TOM\u00d3 LA DECISI\u00d3N DE INICIAR EL PROCESO DE CREACI\u00d3N DE UN INSTITUTO QUE COADYUVARA Y CON ELLO EVITAR QUE EXISTIERA UN DESORDEN EN EL DESARROLLO DEL MUNICIPIO, ADOPTANDO ESTRATEGIAS DE PLANEACI\u00d3N DE DESARROLLO URBANO ACORDE A LOS CAMBIOS LEGALES Y REGULATORIOS EN MATERIA DE PLANEACI\u00d3N, FUE EL C LIC. RA\u00daL INZUNZA DAGNINO, PRESIDENTE MUNICIPAL DE GUASAVE, SINALOA, QUE HIZO SABER A SUS HABITANTES QUE EL H. AYUNTAMIENTO DE ESTE MUNICIPIO DE GUASAVE , POR CONDUCTO DE SU SECRETAR\u00cdA TUVO A BIEN COMUNICARLE QUE CON FUNDAMENTO EN LO DISPUESTO POR EL ART\u00cdCULO 115 FRACCI\u00d3N I DE LA CONSTITUCI\u00d3N POL\u00cdTICA DE LOS ESTADOS UNIDOS MEXICANOS, AS\u00cd COMO POR LOS ART\u00cdCULOS 45 FRACCI\u00d3N IV, 125 FRACCI\u00d3N I Y II DE LA CONSTITUCI\u00d3N POLITICA DEL ESTADO DE SINALOA, ART\u00cdCULOS 37, 38, 52<\/p>\n<p style=\"text-align: justify;\">FRACCIONES II, Y 88 DE LA LEY DE GOBIERNO MUNICIPAL DEL ESTADO DE SINALOA Y LOS ART\u00cdCULOS 4 Y 5 DEL REGLAMENTO INTERIOR DEL H. AYUNTAMIENTO DE GUASAVE, SINALOA; SE PRESENT\u00d3 EL DOCUMENTO DE CREACI\u00d3N DEL INSTITUTO MUNICIPAL DE PLANEACI\u00d3N DE GUASAVE (IMPLAN) Y FUE EN SESI\u00d3N 79 DE FECHA 30 DE NOVIEMBRE DE 2004 DONDE SE APROB\u00d3 EL DECRETO 13\u00a0 DONDE SE CREA \u00a0COMO UN ORGANISMO P\u00daBLICO DESCENTRALIZADO, DE INTER\u00c9S P\u00daBLICO Y DE CAR\u00c1CTER PREPONDERANTEMENTE T\u00c9CNICO, CON PERSONALIDAD JUR\u00cdDICA Y PATRIMONIO \u00a0PROPIO, \u00a0ENCARGADO\u00a0 DE LA \u00a0PRESTACI\u00d3N\u00a0 DE \u00a0SERVICIOS T\u00c9CNICOS Y DE DAR ASESOR\u00cdA AL HONORABLE AYUNTAMIENTO DE GUASAVE, EN MATERIA DE PLANEACI\u00d3N ESTRAT\u00c9GICA. POSTERIORMENTE EL 11 DE DICIEMBRE DEL A\u00d1O 2007 LA JUNTA DIRECTIVA DEL INSTITUTO MUNICIPAL DE PLANEACI\u00d3N APROB\u00d3 EL PROYECTO DE REGLAMENTO INTERIOR DEL INSTITUTO MUNICIPAL DE PLANEACI\u00d3N DE GUASAVE, REMITI\u00c9NDOLO AL HONORABLE AYUNTAMIENTO PARA SU AN\u00c1LISIS Y APROBACI\u00d3N. SIENDO LA ADMINISTRACI\u00d3N MUNICIPAL PRESIDIDA POR EL C. LIC. JES\u00daS BURGOS PINTO, QUIEN HIZO SABER A SUS HABITANTES QUE EL HONORABLE AYUNTAMIENTO DE GUASAVE, POR CONDUCTO DE SU SECRETAR\u00cdA, LE COMUNICO PARA LOS EFECTOS CORRESPONDIENTES LA SOLICITUD DE APROBACI\u00d3N DEL REGLAMENTO INTERIOR DEL INSTITUTO MUNICIPAL DE PLANEACI\u00d3N GUASAVE Y FUE EN SESI\u00d3N ORDINARIA CELEBRADA EL 16 DE OCTUBRE DEL 2008 CUANDO EL HONORABLE AYUNTAMIENTO DE GUASAVE, EN EJERCICIO DE LAS FACULTADES CONFERIDAS POR LOS ART\u00cdCULOS 115, FRACCI\u00d3N II, DE LA CONSTITUCI\u00d3N POL\u00cdTICA DE LOS ESTADOS UNIDOS MEXICANOS; 125 FRACCI\u00d3N II DE LA CONSTITUCI\u00d3N\u00a0 \u00a0POL\u00cdTICA\u00a0 \u00a0DEL\u00a0 \u00a0ESTADO\u00a0 \u00a0DE\u00a0 \u00a0SINALOA;\u00a0 \u00a0ART\u00cdCULOS\u00a0 \u00a03, SEGUNDO \u00a0P\u00c1RRAFO, \u00a027 \u00a0FRACCI\u00d3N \u00a0I \u00a0Y \u00a0IV, \u00a047, \u00a079, \u00a080 \u00a0FRACCI\u00d3N \u00a0I, \u00a081 FRACCI\u00d3N VII Y XII Y 82 DE LA LEY DE GOBIERNO MUNICIPAL DEL ESTADO DE SINALOA; ART\u00cdCULOS 3, 5 Y 90 DEL REGLAMENTO INTERIOR DEL AYUNTAMIENTO DE GUASAVE TUVO A BIEN APROBAR EL REGLAMENTO INTERIOR DEL INSTITUTO MUNICIPAL DE PLANEACI\u00d3N DE GUASAVE. DANDO CUMPLIMIENTO AL ART\u00cdCULO 5 TRANSITORIO DEL DECRETO DE CREACI\u00d3N DEL INSTITUTO MUNICIPAL DE PLANEACI\u00d3N DE GUASAVE, DICHO REGLAMENTO TIENE COMO OBJETIVO PRINCIPAL DOTAR DE UN INSTRUMENTO JUR\u00cdDICO, QUE NORME TODOS LOS ASPECTOS DE SU ORGANIZACI\u00d3N Y FUNCIONAMIENTO. TENIENDO DESDE EL MOMENTO DE SU CREACI\u00d3N CONSEJOS DIRECTIVOS CIUDADANOS CON MUCHA RESPONSABILIDAD Y DINAMISMO.<\/p>\n<p style=\"text-align: justify;\"><strong>L<\/strong><strong>a administraci\u00f3n de la Dra. Cecilia Ram\u00edrez Montoya, presidenta municipal de Guasave, busca tener un mayor acercamiento con la ciudadan\u00eda, con el objetivo de generar inter\u00e9s y participaci\u00f3n, canalizando las ideas a trav\u00e9s del implan de Guasave, para planear y proyectar en base a las necesidades de las y los ciudadanos Guasavenses, con la finalidad de fomentar y generar un desarrollo sustentable y \u00f3ptimo para una mejor calidad de vida.<\/strong><\/p>\n","protected":false},"excerpt":{"rendered":"<p>ANTECEDENTES HIST\u00d3RICOS INSTITUTO MUNICIPAL DE PLANEACI\u00d3N DE GUASAVE, SINALOA. A RA\u00cdZ DEL CRECIMIENTO DE NUESTRO MUNICIPIO EN EL A\u00d1O 2004 Y POR MANDATO LEGAL, SE TOM\u00d3 LA DECISI\u00d3N DE INICIAR EL PROCESO DE CREACI\u00d3N DE UN INSTITUTO QUE COADYUVARA Y CON ELLO EVITAR QUE EXISTIERA UN DESORDEN EN EL DESARROLLO DEL MUNICIPIO, ADOPTANDO ESTRATEGIAS DE &#8230; <a title=\"Antecedentes\" class=\"read-more\" href=\"https:\/\/guasave.gob.mx\/implan\/antecedentes\/\">Read more<\/a><\/p>\n","protected":false},"author":3,"featured_media":0,"parent":0,"menu_order":0,"comment_status":"closed","ping_status":"closed","template":"","meta":[],"_links":{"self":[{"href":"https:\/\/guasave.gob.mx\/implan\/wp-json\/wp\/v2\/pages\/49"}],"collection":[{"href":"https:\/\/guasave.gob.mx\/implan\/wp-json\/wp\/v2\/pages"}],"about":[{"href":"https:\/\/guasave.gob.mx\/implan\/wp-json\/wp\/v2\/types\/page"}],"author":[{"embeddable":true,"href":"https:\/\/guasave.gob.mx\/implan\/wp-json\/wp\/v2\/users\/3"}],"replies":[{"embeddable":true,"href":"https:\/\/guasave.gob.mx\/implan\/wp-json\/wp\/v2\/comments?post=49"}],"version-history":[{"count":7,"href":"https:\/\/guasave.gob.mx\/implan\/wp-json\/wp\/v2\/pages\/49\/revisions"}],"predecessor-version":[{"id":680,"href":"https:\/\/guasave.gob.mx\/implan\/wp-json\/wp\/v2\/pages\/49\/revisions\/680"}],"wp:attachment":[{"href":"https:\/\/guasave.gob.mx\/implan\/wp-json\/wp\/v2\/media?parent=49"}],"curies":[{"name":"wp","href":"https:\/\/api.w.org\/{rel}","templated":true}]}}