{"id":22,"date":"2021-06-02T17:06:30","date_gmt":"2021-06-02T17:06:30","guid":{"rendered":"https:\/\/guasave.gob.mx\/implan\/?page_id=22"},"modified":"2025-02-05T21:04:16","modified_gmt":"2025-02-05T21:04:16","slug":"home","status":"publish","type":"page","link":"https:\/\/guasave.gob.mx\/implan\/","title":{"rendered":"HOME"},"content":{"rendered":"\n<div data-elementor-type=\"wp-page\" data-elementor-id=\"22\" class=\"elementor elementor-22\" data-elementor-settings=\"[]\">\n<div class=\"elementor-inner\">\n<div class=\"elementor-section-wrap\">\n<section class=\"elementor-section elementor-top-section elementor-element elementor-element-13f95c0 elementor-section-boxed elementor-section-height-default elementor-section-height-default\" data-id=\"13f95c0\" data-element_type=\"section\">\n<div class=\"elementor-container elementor-column-gap-default\">\n<div class=\"elementor-row\">\n<div class=\"elementor-column elementor-col-100 elementor-top-column elementor-element elementor-element-5b4b5b7\" data-id=\"5b4b5b7\" data-element_type=\"column\">\n<div class=\"elementor-column-wrap elementor-element-populated\">\n<div class=\"elementor-widget-wrap\">\n<div class=\"elementor-element elementor-element-a403f41 elementor-widget elementor-widget-jet-posts\" data-id=\"a403f41\" data-element_type=\"widget\" data-widget_type=\"jet-posts.default\">\n<div class=\"elementor-widget-container\">\n<div class=\"elementor-jet-posts jet-elements\">\n<div class=\"jet-carousel elementor-slick-slider\" data-slider_options=\"{&quot;slidesToShow&quot;:{&quot;desktop&quot;:3,&quot;tablet&quot;:0,&quot;mobile&quot;:0},&quot;autoplaySpeed&quot;:5000,&quot;autoplay&quot;:true,&quot;infinite&quot;:true,&quot;pauseOnHover&quot;:false,&quot;speed&quot;:500,&quot;arrows&quot;:true,&quot;dots&quot;:false,&quot;slidesToScroll&quot;:1,&quot;prevArrow&quot;:&quot;.jet-posts__prev-arrow-a403f41&quot;,&quot;nextArrow&quot;:&quot;.jet-posts__next-arrow-a403f41&quot;,&quot;rtl&quot;:false}\" dir=\"ltr\">\n<div class=\"jet-posts col-row  jet-equal-cols\">\n<div class=\"jet-posts__prev-arrow-a403f41 jet-arrow prev-arrow\"><i aria-hidden=\"true\" class=\"fas fa-angle-left\"><\/i><\/div>\n<div class=\"jet-posts__next-arrow-a403f41 jet-arrow next-arrow\"><i aria-hidden=\"true\" class=\"fas fa-angle-right\"><\/i><\/div>\n<div class=\"jet-posts__item col-desk-3\">\n<div class=\"jet-posts__inner-box\">\n<div class=\"post-thumbnail\"><a href=\"https:\/\/guasave.gob.mx\/implan\/segunda-audiencia-de-consulta-publica-para-la-actualizacion-del-programa-de-desarrollo-urbano-del-centro-de-poblacion-de-guasave-pducp\/\" class=\"post-thumbnail__link\"><img loading=\"lazy\" class=\"post-thumbnail__img wp-post-image\" src=\"https:\/\/guasave.gob.mx\/implan\/wp-content\/uploads\/2026\/03\/6-300x232.jpg\" alt=\"Segunda audiencia de consulta p\u00fablica para la actualizaci\u00f3n del Programa de Desarrollo Urbano del Centro de Poblaci\u00f3n de Guasave (PDUCP)\" width=\"300\" height=\"232\"><\/a><\/div>\n<div class=\"jet-posts__inner-content\">\n<h4 class=\"entry-title\"><a href=\"https:\/\/guasave.gob.mx\/implan\/segunda-audiencia-de-consulta-publica-para-la-actualizacion-del-programa-de-desarrollo-urbano-del-centro-de-poblacion-de-guasave-pducp\/\">Segunda audiencia de consulta p\u00fablica para la actualizaci\u00f3n del Programa de Desarrollo Urbano del Centro de Poblaci\u00f3n de Guasave (PDUCP)<\/a><\/h4>\n<div class=\"jet-more-wrap\"><a href=\"https:\/\/guasave.gob.mx\/implan\/segunda-audiencia-de-consulta-publica-para-la-actualizacion-del-programa-de-desarrollo-urbano-del-centro-de-poblacion-de-guasave-pducp\/\" class=\"btn btn-primary elementor-button elementor-size-md jet-more\"><span class=\"btn__text\">LEER M\u00c1S...<\/span><span class=\"jet-elements-icon jet-more-icon\"><i aria-hidden=\"true\" class=\"far fa-eye\"><\/i><\/span><\/a><\/div>\n<\/div>\n<\/div>\n<\/div>\n<div class=\"jet-posts__item col-desk-3\">\n<div class=\"jet-posts__inner-box\">\n<div class=\"post-thumbnail\"><a href=\"https:\/\/guasave.gob.mx\/implan\/invitacion-de-la-comision-consultiva-regional-a-su-sesion-extraordinaria-numero-005\/\" class=\"post-thumbnail__link\"><img loading=\"lazy\" class=\"post-thumbnail__img wp-post-image\" src=\"https:\/\/guasave.gob.mx\/implan\/wp-content\/uploads\/2026\/03\/5-300x225.jpg\" alt=\"Invitaci\u00f3n de la Comisi\u00f3n Consultiva Regional a su Sesi\u00f3n Extraordinaria n\u00famero 005\" width=\"300\" height=\"225\"><\/a><\/div>\n<div class=\"jet-posts__inner-content\">\n<h4 class=\"entry-title\"><a href=\"https:\/\/guasave.gob.mx\/implan\/invitacion-de-la-comision-consultiva-regional-a-su-sesion-extraordinaria-numero-005\/\">Invitaci\u00f3n de la Comisi\u00f3n Consultiva Regional a su Sesi\u00f3n Extraordinaria n\u00famero 005<\/a><\/h4>\n<div class=\"jet-more-wrap\"><a href=\"https:\/\/guasave.gob.mx\/implan\/invitacion-de-la-comision-consultiva-regional-a-su-sesion-extraordinaria-numero-005\/\" class=\"btn btn-primary elementor-button elementor-size-md jet-more\"><span class=\"btn__text\">LEER M\u00c1S...<\/span><span class=\"jet-elements-icon jet-more-icon\"><i aria-hidden=\"true\" class=\"far fa-eye\"><\/i><\/span><\/a><\/div>\n<\/div>\n<\/div>\n<\/div>\n<div class=\"jet-posts__item col-desk-3\">\n<div class=\"jet-posts__inner-box\">\n<div class=\"post-thumbnail\"><a href=\"https:\/\/guasave.gob.mx\/implan\/primera-sesion-ordinaria-de-la-junta-directiva-del-presente-ano-2026\/\" class=\"post-thumbnail__link\"><img loading=\"lazy\" class=\"post-thumbnail__img wp-post-image\" src=\"https:\/\/guasave.gob.mx\/implan\/wp-content\/uploads\/2026\/03\/4-300x197.jpg\" alt=\"Primera sesi\u00f3n ordinaria de la Junta Directiva del presente a\u00f1o 2026\" width=\"300\" height=\"197\"><\/a><\/div>\n<div class=\"jet-posts__inner-content\">\n<h4 class=\"entry-title\"><a href=\"https:\/\/guasave.gob.mx\/implan\/primera-sesion-ordinaria-de-la-junta-directiva-del-presente-ano-2026\/\">Primera sesi\u00f3n ordinaria de la Junta Directiva del presente a\u00f1o 2026<\/a><\/h4>\n<div class=\"jet-more-wrap\"><a href=\"https:\/\/guasave.gob.mx\/implan\/primera-sesion-ordinaria-de-la-junta-directiva-del-presente-ano-2026\/\" class=\"btn btn-primary elementor-button elementor-size-md jet-more\"><span class=\"btn__text\">LEER M\u00c1S...<\/span><span class=\"jet-elements-icon jet-more-icon\"><i aria-hidden=\"true\" class=\"far fa-eye\"><\/i><\/span><\/a><\/div>\n<\/div>\n<\/div>\n<\/div>\n<div class=\"jet-posts__item col-desk-3\">\n<div class=\"jet-posts__inner-box\">\n<div class=\"post-thumbnail\"><a href=\"https:\/\/guasave.gob.mx\/implan\/actualizacion-del-programa-de-desarrollo-urbano-del-centro-de-poblacion-pducp\/\" class=\"post-thumbnail__link\"><img loading=\"lazy\" class=\"post-thumbnail__img wp-post-image\" src=\"https:\/\/guasave.gob.mx\/implan\/wp-content\/uploads\/2026\/03\/3-300x225.jpg\" alt=\"Actualizaci\u00f3n del Programa de Desarrollo Urbano del Centro de Poblaci\u00f3n (PDUCP)\" width=\"300\" height=\"225\"><\/a><\/div>\n<div class=\"jet-posts__inner-content\">\n<h4 class=\"entry-title\"><a href=\"https:\/\/guasave.gob.mx\/implan\/actualizacion-del-programa-de-desarrollo-urbano-del-centro-de-poblacion-pducp\/\">Actualizaci\u00f3n del Programa de Desarrollo Urbano del Centro de Poblaci\u00f3n (PDUCP)<\/a><\/h4>\n<div class=\"jet-more-wrap\"><a href=\"https:\/\/guasave.gob.mx\/implan\/actualizacion-del-programa-de-desarrollo-urbano-del-centro-de-poblacion-pducp\/\" class=\"btn btn-primary elementor-button elementor-size-md jet-more\"><span class=\"btn__text\">LEER M\u00c1S...<\/span><span class=\"jet-elements-icon jet-more-icon\"><i aria-hidden=\"true\" class=\"far fa-eye\"><\/i><\/span><\/a><\/div>\n<\/div>\n<\/div>\n<\/div>\n<div class=\"jet-posts__item col-desk-3\">\n<div class=\"jet-posts__inner-box\">\n<div class=\"post-thumbnail\"><a href=\"https:\/\/guasave.gob.mx\/implan\/el-dia-mundial-por-la-reduccion-de-las-emisiones-de-co2\/\" class=\"post-thumbnail__link\"><img loading=\"lazy\" class=\"post-thumbnail__img wp-post-image\" src=\"https:\/\/guasave.gob.mx\/implan\/wp-content\/uploads\/2026\/03\/2-244x300.jpg\" alt=\"El D\u00eda Mundial por la Reducci\u00f3n de las Emisiones de CO2\" width=\"244\" height=\"300\"><\/a><\/div>\n<div class=\"jet-posts__inner-content\">\n<h4 class=\"entry-title\"><a href=\"https:\/\/guasave.gob.mx\/implan\/el-dia-mundial-por-la-reduccion-de-las-emisiones-de-co2\/\">El D\u00eda Mundial por la Reducci\u00f3n de las Emisiones de CO2<\/a><\/h4>\n<div class=\"jet-more-wrap\"><a href=\"https:\/\/guasave.gob.mx\/implan\/el-dia-mundial-por-la-reduccion-de-las-emisiones-de-co2\/\" class=\"btn btn-primary elementor-button elementor-size-md jet-more\"><span class=\"btn__text\">LEER M\u00c1S...<\/span><span class=\"jet-elements-icon jet-more-icon\"><i aria-hidden=\"true\" class=\"far fa-eye\"><\/i><\/span><\/a><\/div>\n<\/div>\n<\/div>\n<\/div>\n<div class=\"jet-posts__item col-desk-3\">\n<div class=\"jet-posts__inner-box\">\n<div class=\"post-thumbnail\"><a href=\"https:\/\/guasave.gob.mx\/implan\/invitacion-de-la-arq-simei-jezabel-cebreros-raygoza-directora-de-implan-culiacan\/\" class=\"post-thumbnail__link\"><img loading=\"lazy\" class=\"post-thumbnail__img wp-post-image\" src=\"https:\/\/guasave.gob.mx\/implan\/wp-content\/uploads\/2026\/03\/1-300x300.jpg\" alt=\"Invitaci\u00f3n de la Arq. Simei Jezabel Cebreros Raygoza, directora de IMPLAN Culiac\u00e1n\" width=\"300\" height=\"300\"><\/a><\/div>\n<div class=\"jet-posts__inner-content\">\n<h4 class=\"entry-title\"><a href=\"https:\/\/guasave.gob.mx\/implan\/invitacion-de-la-arq-simei-jezabel-cebreros-raygoza-directora-de-implan-culiacan\/\">Invitaci\u00f3n de la Arq. Simei Jezabel Cebreros Raygoza, directora de IMPLAN Culiac\u00e1n<\/a><\/h4>\n<div class=\"jet-more-wrap\"><a href=\"https:\/\/guasave.gob.mx\/implan\/invitacion-de-la-arq-simei-jezabel-cebreros-raygoza-directora-de-implan-culiacan\/\" class=\"btn btn-primary elementor-button elementor-size-md jet-more\"><span class=\"btn__text\">LEER M\u00c1S...<\/span><span class=\"jet-elements-icon jet-more-icon\"><i aria-hidden=\"true\" class=\"far fa-eye\"><\/i><\/span><\/a><\/div>\n<\/div>\n<\/div>\n<\/div>\n<\/div>\n<\/div>\n<\/div><\/div>\n<\/p><\/div>\n<\/p><\/div>\n<\/p><\/div>\n<\/p><\/div>\n<\/p><\/div>\n<\/p><\/div>\n<\/section>\n<section class=\"elementor-section elementor-top-section elementor-element elementor-element-c6df706 elementor-section-boxed elementor-section-height-default elementor-section-height-default\" data-id=\"c6df706\" data-element_type=\"section\">\n<div class=\"elementor-container elementor-column-gap-default\">\n<div class=\"elementor-row\">\n<div class=\"elementor-column elementor-col-66 elementor-top-column elementor-element elementor-element-b657e0b\" data-id=\"b657e0b\" data-element_type=\"column\">\n<div class=\"elementor-column-wrap elementor-element-populated\">\n<div class=\"elementor-widget-wrap\">\n<div class=\"elementor-element elementor-element-93fa1c5 elementor-widget elementor-widget-heading\" data-id=\"93fa1c5\" data-element_type=\"widget\" data-widget_type=\"heading.default\">\n<div class=\"elementor-widget-container\">\n<h2 class=\"elementor-heading-title elementor-size-default\">Localizaci\u00f3n de Nuestras Oficinas<\/h2>\n<\/p><\/div>\n<\/p><\/div>\n<div class=\"elementor-element elementor-element-dfdb92a elementor-widget elementor-widget-google_maps\" data-id=\"dfdb92a\" data-element_type=\"widget\" data-widget_type=\"google_maps.default\">\n<div class=\"elementor-widget-container\">\n<div class=\"elementor-custom-embed\"><iframe frameborder=\"0\" scrolling=\"no\" marginheight=\"0\" marginwidth=\"0\" src=\"https:\/\/maps.google.com\/maps?q=Av%20L%C3%A1zaro%20C%C3%A1rdenas%201041%2C%20%C3%81ngel%20Flores%2C%2081040%20Guasave%2C%20Sin.&amp;t=m&amp;z=16&amp;output=embed&amp;iwloc=near\" title=\"Av L\u00e1zaro C\u00e1rdenas 1041, \u00c1ngel Flores, 81040 Guasave, Sin.\" aria-label=\"Av L\u00e1zaro C\u00e1rdenas 1041, \u00c1ngel Flores, 81040 Guasave, Sin.\"><\/iframe><\/div>\n<\/p><\/div>\n<\/p><\/div>\n<\/p><\/div>\n<\/p><\/div>\n<\/p><\/div>\n<div class=\"elementor-column elementor-col-33 elementor-top-column elementor-element elementor-element-b632e18\" data-id=\"b632e18\" data-element_type=\"column\">\n<div class=\"elementor-column-wrap elementor-element-populated\">\n<div class=\"elementor-widget-wrap\">\n<div class=\"elementor-element elementor-element-afc59d5 elementor-widget elementor-widget-facebook-page\" data-id=\"afc59d5\" data-element_type=\"widget\" data-widget_type=\"facebook-page.default\">\n<div class=\"elementor-widget-container\">\n<div class=\"elementor-facebook-widget fb-page\" data-href=\"https:\/\/www.facebook.com\/profile.php?id=100064705508021\" data-tabs=\"timeline\" data-height=\"500px\" data-width=\"500px\" data-small-header=\"false\" data-hide-cover=\"false\" data-show-facepile=\"true\" data-hide-cta=\"false\" style=\"min-height: 1px;height:500px\"><\/div>\n<\/p><\/div>\n<\/p><\/div>\n<\/p><\/div>\n<\/p><\/div>\n<\/p><\/div>\n<\/p><\/div>\n<\/p><\/div>\n<\/section>\n<section class=\"elementor-section elementor-top-section elementor-element elementor-element-5bb1f35 elementor-section-boxed elementor-section-height-default elementor-section-height-default\" data-id=\"5bb1f35\" data-element_type=\"section\">\n<div class=\"elementor-container elementor-column-gap-default\">\n<div class=\"elementor-row\">\n<div class=\"elementor-column elementor-col-100 elementor-top-column elementor-element elementor-element-4bfbc84\" data-id=\"4bfbc84\" data-element_type=\"column\">\n<div class=\"elementor-column-wrap elementor-element-populated\">\n<div class=\"elementor-widget-wrap\">\n<div class=\"elementor-element elementor-element-18bc9a1 elementor-widget elementor-widget-heading\" data-id=\"18bc9a1\" data-element_type=\"widget\" data-widget_type=\"heading.default\">\n<div class=\"elementor-widget-container\">\n<h2 class=\"elementor-heading-title elementor-size-default\"><a href=\"https:\/\/arcg.is\/1rLTmf1\">ATLAS DE RIESGOS<\/a><\/h2>\n<\/p><\/div>\n<\/p><\/div>\n<\/p><\/div>\n<\/p><\/div>\n<\/p><\/div>\n<\/p><\/div>\n<\/p><\/div>\n<\/section>\n<section class=\"elementor-section elementor-top-section elementor-element elementor-element-3abe15d elementor-section-boxed elementor-section-height-default elementor-section-height-default\" data-id=\"3abe15d\" data-element_type=\"section\">\n<div class=\"elementor-container elementor-column-gap-default\">\n<div class=\"elementor-row\">\n<div class=\"elementor-column elementor-col-100 elementor-top-column elementor-element elementor-element-bbd9072\" data-id=\"bbd9072\" data-element_type=\"column\">\n<div class=\"elementor-column-wrap elementor-element-populated\">\n<div class=\"elementor-widget-wrap\">\n<div class=\"elementor-element elementor-element-c236328 elementor-widget elementor-widget-image\" data-id=\"c236328\" data-element_type=\"widget\" data-widget_type=\"image.default\">\n<div class=\"elementor-widget-container\">\n<div class=\"elementor-image\">\n\t\t\t\t\t\t\t\t\t\t\t<a href=\"https:\/\/arcg.is\/1rLTmf1\"><br \/>\n\t\t\t\t\t\t\t<img width=\"906\" height=\"413\" src=\"https:\/\/guasave.gob.mx\/implan\/wp-content\/uploads\/2021\/08\/AtlasDeRiesgo.jpg\" class=\"attachment-large size-large\" alt=\"\" loading=\"lazy\" srcset=\"https:\/\/guasave.gob.mx\/implan\/wp-content\/uploads\/2021\/08\/AtlasDeRiesgo.jpg 906w, https:\/\/guasave.gob.mx\/implan\/wp-content\/uploads\/2021\/08\/AtlasDeRiesgo-300x137.jpg 300w, https:\/\/guasave.gob.mx\/implan\/wp-content\/uploads\/2021\/08\/AtlasDeRiesgo-768x350.jpg 768w\" sizes=\"(max-width: 906px) 100vw, 906px\" \/>\t\t\t\t\t\t\t\t<\/a>\n\t\t\t\t\t\t\t\t\t\t\t<\/div>\n<\/p><\/div>\n<\/p><\/div>\n<div class=\"elementor-element elementor-element-0351ed7 elementor-align-left elementor-widget__width-auto elementor-absolute elementor-widget elementor-widget-button\" data-id=\"0351ed7\" data-element_type=\"widget\" data-settings=\"{&quot;_position&quot;:&quot;absolute&quot;}\" data-widget_type=\"button.default\">\n<div class=\"elementor-widget-container\">\n<div class=\"elementor-button-wrapper\">\n\t\t\t<a href=\"https:\/\/arcg.is\/1rLTmf1\" class=\"elementor-button-link elementor-button elementor-size-xs\" role=\"button\"><br \/>\n\t\t\t\t\t\t<span class=\"elementor-button-content-wrapper\"><br \/>\n\t\t\t\t\t\t<span class=\"elementor-button-text\">AMPLIAR MAPA<\/span><br \/>\n\t\t<\/span><br \/>\n\t\t\t\t\t<\/a>\n\t\t<\/div>\n<\/p><\/div>\n<\/p><\/div>\n<\/p><\/div>\n<\/p><\/div>\n<\/p><\/div>\n<\/p><\/div>\n<\/p><\/div>\n<\/section>\n<section class=\"elementor-section elementor-top-section elementor-element elementor-element-ccd25bd elementor-section-boxed elementor-section-height-default elementor-section-height-default\" data-id=\"ccd25bd\" data-element_type=\"section\">\n<div class=\"elementor-container elementor-column-gap-default\">\n<div class=\"elementor-row\">\n<div class=\"elementor-column elementor-col-66 elementor-top-column elementor-element elementor-element-77d2bf9\" data-id=\"77d2bf9\" data-element_type=\"column\">\n<div class=\"elementor-column-wrap elementor-element-populated\">\n<div class=\"elementor-widget-wrap\">\n<div class=\"elementor-element elementor-element-283ff6c elementor-widget elementor-widget-text-editor\" data-id=\"283ff6c\" data-element_type=\"widget\" data-widget_type=\"text-editor.default\">\n<div class=\"elementor-widget-container\">\n<div class=\"elementor-text-editor elementor-clearfix\">\n<p>Av L\u00e1zaro C\u00e1rdenas 1016, \u00c1ngel Flores, 81040 Guasave Sin.<br \/>(687) 721 14 27<br \/>implan@guasave.gob.mx<\/p>\n<\/div><\/div>\n<\/p><\/div>\n<\/p><\/div>\n<\/p><\/div>\n<\/p><\/div>\n<div class=\"elementor-column elementor-col-33 elementor-top-column elementor-element elementor-element-6bdf2da\" data-id=\"6bdf2da\" data-element_type=\"column\">\n<div class=\"elementor-column-wrap\">\n<div class=\"elementor-widget-wrap\">\n\t\t\t\t\t\t\t\t<\/div>\n<\/p><\/div>\n<\/p><\/div>\n<\/p><\/div>\n<\/p><\/div>\n<\/section><\/div>\n<\/p><\/div>\n<\/p><\/div>\n","protected":false},"excerpt":{"rendered":"<p>Foro abierto para la realizaci\u00f3n del Plan Municipal de Desarrollo 2024-2027. LEER M\u00c1S&#8230; Planeaci\u00f3n para el desarrollo recreativo zona costera del municipio de Guasave. LEER M\u00c1S&#8230; Expo Parques 2024 en la ciudad de Culiac\u00e1n. LEER M\u00c1S&#8230; Participaci\u00f3n de Implan en la Jornada Acad\u00e9mica de Ingenier\u00eda Civil \u201cMc. Emiliano Elenes Contreras\u201d de la Universidad Aut\u00f3noma de &#8230; <a title=\"Invitaci\u00f3n de la Arq. Simei Jezabel Cebreros Raygoza, directora de IMPLAN Culiac\u00e1n\" class=\"read-more\" href=\"https:\/\/guasave.gob.mx\/implan\/invitacion-de-la-arq-simei-jezabel-cebreros-raygoza-directora-de-implan-culiacan\/\">Read more<\/a><\/p>\n","protected":false},"author":3,"featured_media":0,"parent":0,"menu_order":0,"comment_status":"closed","ping_status":"closed","template":"","meta":[],"_links":{"self":[{"href":"https:\/\/guasave.gob.mx\/implan\/wp-json\/wp\/v2\/pages\/22"}],"collection":[{"href":"https:\/\/guasave.gob.mx\/implan\/wp-json\/wp\/v2\/pages"}],"about":[{"href":"https:\/\/guasave.gob.mx\/implan\/wp-json\/wp\/v2\/types\/page"}],"author":[{"embeddable":true,"href":"https:\/\/guasave.gob.mx\/implan\/wp-json\/wp\/v2\/users\/3"}],"replies":[{"embeddable":true,"href":"https:\/\/guasave.gob.mx\/implan\/wp-json\/wp\/v2\/comments?post=22"}],"version-history":[{"count":108,"href":"https:\/\/guasave.gob.mx\/implan\/wp-json\/wp\/v2\/pages\/22\/revisions"}],"predecessor-version":[{"id":674,"href":"https:\/\/guasave.gob.mx\/implan\/wp-json\/wp\/v2\/pages\/22\/revisions\/674"}],"wp:attachment":[{"href":"https:\/\/guasave.gob.mx\/implan\/wp-json\/wp\/v2\/media?parent=22"}],"curies":[{"name":"wp","href":"https:\/\/api.w.org\/{rel}","templated":true}]}}