{"id":104,"date":"2021-02-22T15:46:18","date_gmt":"2021-02-22T15:46:18","guid":{"rendered":"https:\/\/guasave.gob.mx\/immujeres\/?page_id=104"},"modified":"2022-08-22T15:34:33","modified_gmt":"2022-08-22T15:34:33","slug":"quienes-somos","status":"publish","type":"page","link":"https:\/\/guasave.gob.mx\/immujeres\/quienes-somos\/","title":{"rendered":"QUI\u00c9NES SOMOS"},"content":{"rendered":"<div class=\"vc_row vc_row-fluid uk-background-default row-padding-small standard-section section\">\n<div class=\"col vc-column-wrapper uk-dark left\">\n<div class=\"wpb_column vc_column_container col vc_col-sm-12 vc_col-lg-12 vc_col-md-12 vc_col-xs-12 uk-dark no-padding\">\n<div class=\"vc_column-inner\">\n<div class=\"wpb_wrapper\">\n<div id=\"suhead6033d1882305e\" class=\"bdt-heading bdt-heading-style-default bdt-heading-align-center\" style=\"text-align: justify;\">\n<h1 class=\"bdt-heading-inner\" style=\"text-align: center;\"><span style=\"font-family: arial, helvetica, sans-serif;\">QUI\u00c9NES SOMOS<\/span><\/h1>\n<\/div>\n<div class=\"wpb_text_column wpb_content_element \">\n<div class=\"wpb_wrapper\">\n<p style=\"text-align: justify;\"><span style=\"font-family: arial, helvetica, sans-serif;\">Somos una instituci\u00f3n que se form\u00f3 el pasado 03 de junio de 2009 y que trabaja para establecer una pol\u00edtica integral de promoci\u00f3n, apoyo y asesor\u00eda en beneficio de las mujeres del Municipio de Guasave, as\u00ed como tambi\u00e9n la de impulsar su desarrollo para lograr e incrementar su integridad y participaci\u00f3n plena y eficaz en la vida econ\u00f3mica, laboral, pol\u00edtica, cultural, cient\u00edfica y social, y en general, en todos los \u00e1mbitos de la vida, buscando con ello la igualdad de g\u00e9nero.<\/span><\/p>\n<p style=\"text-align: justify;\"><span style=\"font-family: arial, helvetica, sans-serif;\">De igual manera, buscamos crear una cultura de igualdad libre de violencia y discriminaci\u00f3n, capaz de propiciar el desarrollo integral de todas las mujeres mexicanas y permitir tanto a mujeres y hombres por igual, ejercer plenamente todos sus derechos. As\u00ed mismo, creamos, impulsamos y proporcionamos a las distintas dependencias y entidades de la administraci\u00f3n p\u00fablica municipal, programas y acciones con perspectiva de g\u00e9nero, atendiendo al criterio de transversalidad en el dise\u00f1o y ejecuci\u00f3n de los programas y acciones.<\/span><\/p>\n<p style=\"text-align: justify;\"><span style=\"font-family: arial, helvetica, sans-serif;\">As\u00ed mismo, les informamos que el Instituto Municipal de las Mujeres Guasave, somos un organismo descentralizado con personalidad jur\u00eddica. Su creaci\u00f3n pretende establecer una relaci\u00f3n m\u00e1s estrecha entre la ciudadan\u00eda y el gobierno.<\/span><\/p>\n<div class=\"csRow\" style=\"text-align: justify;\">\n<div class=\"csColumnGap\" style=\"margin: 0px; padding: 0px; float: left; width: 3.13%;\"><span style=\"font-family: arial, helvetica, sans-serif;\"><img decoding=\"async\" style=\"border: none;\" src=\"https:\/\/guasave.gob.mx\/immujeres\/wp-content\/plugins\/advanced-wp-columns\/assets\/js\/plugins\/views\/img\/1x1-pixel.png\" \/><\/span><\/div>\n<div class=\"csColumn\" style=\"margin: 0px; padding: 0px; float: left; width: 43.8%;\" data-csstartpoint=\"30\" data-csendpoint=\"450\" data-cswidth=\"43.8%\" data-csid=\"f22a0193-a490-591a-b12f-f247536ff277\">\n<h3><\/h3>\n<h1 style=\"text-align: center;\"><span style=\"font-size: 24pt; font-family: arial, helvetica, sans-serif;\">NUESTRA VISI\u00d3N<\/span><\/h1>\n<div class=\"icon_description_text\">\n<p><span style=\"font-family: arial, helvetica, sans-serif;\">Contribuir a la formaci\u00f3n de una sociedad donde existe una cultura de equidad e igualdad de oportunidades para hombres y mujeres guasavenses, donde prevalezca un ambiente de mayor respeto y trato digno a la mujer, eliminando con ello, todo tipo de discriminaci\u00f3n y violencia en contra de cualquier ser humano.<\/span><\/p>\n<\/div>\n<\/div>\n<div class=\"csColumnGap\" style=\"margin: 0px; padding: 0px; float: left; width: 6.25%;\"><span style=\"font-family: arial, helvetica, sans-serif;\"><img decoding=\"async\" style=\"border: none;\" src=\"https:\/\/guasave.gob.mx\/immujeres\/wp-content\/plugins\/advanced-wp-columns\/assets\/js\/plugins\/views\/img\/1x1-pixel.png\" \/><\/span><\/div>\n<div class=\"csColumn\" style=\"margin: 0px; padding: 0px; float: left; width: 43.8%;\" data-csstartpoint=\"510\" data-csendpoint=\"930\" data-cswidth=\"43.8%\" data-csid=\"9379b678-110c-d375-8648-79cc340c4cc4\">\n<h3><\/h3>\n<h1 style=\"text-align: center;\"><span style=\"font-size: 24pt; font-family: arial, helvetica, sans-serif;\">NUESTRA MISI\u00d3N<\/span><\/h1>\n<div class=\"icon_description_text\">\n<p><span style=\"font-family: arial, helvetica, sans-serif;\">Promover la equidad de g\u00e9nero mediante la implementaci\u00f3n y difusi\u00f3n de programas y pol\u00edticas en coordinaci\u00f3n con el gobierno Federal, Estatal y Municipal que brinden apoyo y orientaci\u00f3n a toda mujer guasavense, logrando con ello, una mayor dignificaci\u00f3n de su desarrollo familiar, laboral, econ\u00f3mico y social.<\/span><\/p>\n<\/div>\n<\/div>\n<div class=\"csColumnGap\" style=\"margin: 0px; padding: 0px; float: left; width: 3.13%;\"><span style=\"font-family: arial, helvetica, sans-serif;\"><img decoding=\"async\" style=\"border: none;\" src=\"https:\/\/guasave.gob.mx\/immujeres\/wp-content\/plugins\/advanced-wp-columns\/assets\/js\/plugins\/views\/img\/1x1-pixel.png\" \/><\/span><\/div>\n<div style=\"clear: both; float: none; display: block; visibility: hidden; width: 0px; font-size: 0px; line-height: 0;\"><\/div>\n<\/div>\n<div id=\"suhead6033d18833031\" class=\"bdt-heading bdt-heading-style-default bdt-heading-align-center\">\n<h1 style=\"text-align: center;\"><span style=\"font-family: arial, helvetica, sans-serif;\">\u00bfQU\u00c9 HACEMOS?<\/span><\/h1>\n<p style=\"text-align: justify;\"><span style=\"font-family: arial, helvetica, sans-serif;\">Promover y ejecutar pol\u00edticas p\u00fablicas transversales que permitan el acceso a las mujeres a la:<\/span><\/p>\n<ul style=\"text-align: justify;\">\n<li><span style=\"font-family: arial, helvetica, sans-serif;\">Justicia y Seguridad<\/span><\/li>\n<li><span style=\"font-family: arial, helvetica, sans-serif;\">Salud Integral<\/span><\/li>\n<li><span style=\"font-family: arial, helvetica, sans-serif;\">Educaci\u00f3n<\/span><\/li>\n<li><span style=\"font-family: arial, helvetica, sans-serif;\">Participaci\u00f3n plena y efectiva en la vida econ\u00f3mica, pol\u00edtica, social y cultural<\/span><\/li>\n<li><span style=\"font-family: arial, helvetica, sans-serif;\">Trabajo digno<\/span><\/li>\n<li><span style=\"font-family: arial, helvetica, sans-serif;\">Igualdad de oportunidades y la no discriminaci\u00f3n.<\/span><\/li>\n<\/ul>\n<p style=\"text-align: justify;\"><span style=\"font-family: arial, helvetica, sans-serif;\">Promoci\u00f3n de la cultura de la no violencia, la no discriminaci\u00f3n de las mujeres y la equidad de g\u00e9nero para el fortalecimiento de la democracia.<\/span><\/p>\n<p style=\"text-align: justify;\"><span style=\"font-family: arial, helvetica, sans-serif;\">Promover la revaloraci\u00f3n de la imagen de las mujeres en los medios de comunicaci\u00f3n<\/span><\/p>\n<p style=\"text-align: justify;\"><span style=\"font-family: arial, helvetica, sans-serif;\">Realizar acciones tendientes a prevenir, sancionar, atender y erradicar la violencia familiar y de g\u00e9nero.<\/span><\/p>\n<h1 class=\"bdt-heading-inner\" style=\"text-align: justify;\"><span style=\"font-size: 24pt; font-family: arial, helvetica, sans-serif;\">NUESTROS VALORES<\/span><\/h1>\n<p class=\"bdt-heading-inner\" style=\"text-align: justify;\"><span style=\"font-family: arial, helvetica, sans-serif;\"><strong><em><span style=\"font-size: 12pt;\">Honestidad,\u00a0<span class=\"s2\">Equidad,\u00a0<\/span><span class=\"s2\">Integridad,\u00a0<\/span><span class=\"s2\">Solidaridad,\u00a0<\/span><span class=\"s1\">Compromiso,\u00a0<\/span><span class=\"s1\">Tolerancia,\u00a0<\/span><span class=\"s1\">Igualdad y\u00a0<\/span><span class=\"s1\">Responsabilidad.<\/span><\/span><\/em><\/strong><\/span><\/p>\n<\/div>\n<\/div>\n<\/div>\n<\/div>\n<\/div>\n<\/div>\n<\/div>\n<\/div>\n","protected":false},"excerpt":{"rendered":"<p>QUI\u00c9NES SOMOS Somos una instituci\u00f3n que se form\u00f3 el pasado 03 de junio de 2009 y que trabaja para establecer una pol\u00edtica integral de promoci\u00f3n, apoyo y asesor\u00eda en beneficio de las mujeres del Municipio de Guasave, as\u00ed como tambi\u00e9n la de impulsar su desarrollo para lograr e incrementar su integridad y participaci\u00f3n plena y &#8230; <a title=\"QUI\u00c9NES SOMOS\" class=\"read-more\" href=\"https:\/\/guasave.gob.mx\/immujeres\/quienes-somos\/\">Read more<\/a><\/p>\n","protected":false},"author":3,"featured_media":0,"parent":0,"menu_order":0,"comment_status":"closed","ping_status":"closed","template":"","meta":[],"_links":{"self":[{"href":"https:\/\/guasave.gob.mx\/immujeres\/wp-json\/wp\/v2\/pages\/104"}],"collection":[{"href":"https:\/\/guasave.gob.mx\/immujeres\/wp-json\/wp\/v2\/pages"}],"about":[{"href":"https:\/\/guasave.gob.mx\/immujeres\/wp-json\/wp\/v2\/types\/page"}],"author":[{"embeddable":true,"href":"https:\/\/guasave.gob.mx\/immujeres\/wp-json\/wp\/v2\/users\/3"}],"replies":[{"embeddable":true,"href":"https:\/\/guasave.gob.mx\/immujeres\/wp-json\/wp\/v2\/comments?post=104"}],"version-history":[{"count":17,"href":"https:\/\/guasave.gob.mx\/immujeres\/wp-json\/wp\/v2\/pages\/104\/revisions"}],"predecessor-version":[{"id":318,"href":"https:\/\/guasave.gob.mx\/immujeres\/wp-json\/wp\/v2\/pages\/104\/revisions\/318"}],"wp:attachment":[{"href":"https:\/\/guasave.gob.mx\/immujeres\/wp-json\/wp\/v2\/media?parent=104"}],"curies":[{"name":"wp","href":"https:\/\/api.w.org\/{rel}","templated":true}]}}